{"id":2782,"date":"2018-04-21T18:29:42","date_gmt":"2018-04-21T18:29:42","guid":{"rendered":"http:\/\/erasbau.de\/?page_id=2782"},"modified":"2018-04-21T18:31:10","modified_gmt":"2018-04-21T18:31:10","slug":"leistungen","status":"publish","type":"page","link":"https:\/\/asanbau.de\/?page_id=2782","title":{"rendered":"Leistungen"},"content":{"rendered":"<p>[vc_row][vc_column]<div class=\"fh-service  service-grid\">\r\n                <div class=\"service-list row\" id=\"service-slider-69f32832aa930\"><div class=\"item-service  col-xs-12 col-sm-6 col-md-4\">\r\n\t\t\t\t\t<div class=\"service-content\">\r\n\t\t\t\t\t\t<div class=\"entry-thumbnail\">\r\n\t\t\t\t\t\t\t<div class=\"overlay\" ><\/div>\r\n\t\t\t\t\t\t\t<a href=\"https:\/\/asanbau.de\/?service=power-and-energy\"><\/a>\r\n\t\t\t\t\t\t\t<img decoding=\"async\" src=\"https:\/\/asanbau.de\/wp-content\/uploads\/2017\/04\/erd1.jpg\" alt=\"Erdbewegungsarbeiten\">\r\n\t\t\t\t\t\t<\/div>\r\n\t\t\t\t\t\t<h2 class=\"entry-title\"><a href=\"https:\/\/asanbau.de\/?service=power-and-energy\">Erdbewegungsarbeiten<\/a><\/h2>\r\n\t\t\t\t\t\t<p>Planierungen, Aushubarbeiten f\u00fcr Hoch- und Tiefbauarbeiten, die Errichtung von Mauerwerken<\/p>\r\n\t\t\t\t\t<\/div>\r\n\t\t\t\t<\/div><div class=\"item-service  col-xs-12 col-sm-6 col-md-4\">\r\n\t\t\t\t\t<div class=\"service-content\">\r\n\t\t\t\t\t\t<div class=\"entry-thumbnail\">\r\n\t\t\t\t\t\t\t<div class=\"overlay\" ><\/div>\r\n\t\t\t\t\t\t\t<a href=\"https:\/\/asanbau.de\/?service=petroleum-and-gas\"><\/a>\r\n\t\t\t\t\t\t\t<img decoding=\"async\" src=\"https:\/\/asanbau.de\/wp-content\/uploads\/2017\/04\/erd22.jpg\" alt=\"Erdtransporte\">\r\n\t\t\t\t\t\t<\/div>\r\n\t\t\t\t\t\t<h2 class=\"entry-title\"><a href=\"https:\/\/asanbau.de\/?service=petroleum-and-gas\">Erdtransporte<\/a><\/h2>\r\n\t\t\t\t\t\t<p>Mit Unserer Flotte bieten wir Ihnen eine hohe Schlagkraft f\u00fcr Ihr Projekt.<\/p>\r\n\t\t\t\t\t<\/div>\r\n\t\t\t\t<\/div><div class=\"item-service  col-xs-12 col-sm-6 col-md-4\">\r\n\t\t\t\t\t<div class=\"service-content\">\r\n\t\t\t\t\t\t<div class=\"entry-thumbnail\">\r\n\t\t\t\t\t\t\t<div class=\"overlay\" ><\/div>\r\n\t\t\t\t\t\t\t<a href=\"https:\/\/asanbau.de\/?service=mechanical-engineering\"><\/a>\r\n\t\t\t\t\t\t\t<img decoding=\"async\" src=\"https:\/\/asanbau.de\/wp-content\/uploads\/2017\/04\/erd33.jpg\" alt=\"Baggerarbeiten\">\r\n\t\t\t\t\t\t<\/div>\r\n\t\t\t\t\t\t<h2 class=\"entry-title\"><a href=\"https:\/\/asanbau.de\/?service=mechanical-engineering\">Baggerarbeiten<\/a><\/h2>\r\n\t\t\t\t\t\t<p>Einfacher Erdaushub, umfangreiche Modellierung und Neubepflanzung.<\/p>\r\n\t\t\t\t\t<\/div>\r\n\t\t\t\t<\/div><div class=\"item-service  col-xs-12 col-sm-6 col-md-4\">\r\n\t\t\t\t\t<div class=\"service-content\">\r\n\t\t\t\t\t\t<div class=\"entry-thumbnail\">\r\n\t\t\t\t\t\t\t<div class=\"overlay\" ><\/div>\r\n\t\t\t\t\t\t\t<a href=\"https:\/\/asanbau.de\/?service=material-engineering\"><\/a>\r\n\t\t\t\t\t\t\t<img decoding=\"async\" src=\"https:\/\/asanbau.de\/wp-content\/uploads\/2017\/04\/erd44.jpg\" alt=\"Abbrucharbeiten\">\r\n\t\t\t\t\t\t<\/div>\r\n\t\t\t\t\t\t<h2 class=\"entry-title\"><a href=\"https:\/\/asanbau.de\/?service=material-engineering\">Abbrucharbeiten<\/a><\/h2>\r\n\t\t\t\t\t\t<p>Wir k\u00f6nnen Ihnen ein komplettes Abbruchkonzept anbieten.<\/p>\r\n\t\t\t\t\t<\/div>\r\n\t\t\t\t<\/div><div class=\"item-service  col-xs-12 col-sm-6 col-md-4\">\r\n\t\t\t\t\t<div class=\"service-content\">\r\n\t\t\t\t\t\t<div class=\"entry-thumbnail\">\r\n\t\t\t\t\t\t\t<div class=\"overlay\" ><\/div>\r\n\t\t\t\t\t\t\t<a href=\"https:\/\/asanbau.de\/?service=chemical-engineering\"><\/a>\r\n\t\t\t\t\t\t\t<img decoding=\"async\" src=\"https:\/\/asanbau.de\/wp-content\/uploads\/2017\/04\/erd55.jpg\" alt=\"Erdkabelverlegungen\">\r\n\t\t\t\t\t\t<\/div>\r\n\t\t\t\t\t\t<h2 class=\"entry-title\"><a href=\"https:\/\/asanbau.de\/?service=chemical-engineering\">Erdkabelverlegungen<\/a><\/h2>\r\n\t\t\t\t\t\t<p>Kabelverlegungen auf Kabelpritschen, in Kabelgr\u00e4ben und nat\u00fcrlich auch in Rohren.<\/p>\r\n\t\t\t\t\t<\/div>\r\n\t\t\t\t<\/div><div class=\"item-service  col-xs-12 col-sm-6 col-md-4\">\r\n\t\t\t\t\t<div class=\"service-content\">\r\n\t\t\t\t\t\t<div class=\"entry-thumbnail\">\r\n\t\t\t\t\t\t\t<div class=\"overlay\" ><\/div>\r\n\t\t\t\t\t\t\t<a href=\"https:\/\/asanbau.de\/?service=agriculture-processing\"><\/a>\r\n\t\t\t\t\t\t\t<img decoding=\"async\" src=\"https:\/\/asanbau.de\/wp-content\/uploads\/2017\/04\/erd66.jpg\" alt=\"Pflasterarbeiten\">\r\n\t\t\t\t\t\t<\/div>\r\n\t\t\t\t\t\t<h2 class=\"entry-title\"><a href=\"https:\/\/asanbau.de\/?service=agriculture-processing\">Pflasterarbeiten<\/a><\/h2>\r\n\t\t\t\t\t\t<p>Wir garantieren Ihnen eine fachliche Arbeitsausf\u00fchrung und Verarbeitungsqualit\u00e4t Ihrer Au\u00dfenanlagen im privaten, sowie im gewerblichen Bereich.<\/p>\r\n\t\t\t\t\t<\/div>\r\n\t\t\t\t<\/div><\/div>\r\n            <\/div>[\/vc_column][\/vc_row]<\/p>\n","protected":false},"excerpt":{"rendered":"<p>[vc_row][vc_column][\/vc_column][\/vc_row]<\/p>\n","protected":false},"author":3,"featured_media":0,"parent":0,"menu_order":0,"comment_status":"closed","ping_status":"closed","template":"","meta":{"footnotes":""},"_links":{"self":[{"href":"https:\/\/asanbau.de\/index.php?rest_route=\/wp\/v2\/pages\/2782"}],"collection":[{"href":"https:\/\/asanbau.de\/index.php?rest_route=\/wp\/v2\/pages"}],"about":[{"href":"https:\/\/asanbau.de\/index.php?rest_route=\/wp\/v2\/types\/page"}],"author":[{"embeddable":true,"href":"https:\/\/asanbau.de\/index.php?rest_route=\/wp\/v2\/users\/3"}],"replies":[{"embeddable":true,"href":"https:\/\/asanbau.de\/index.php?rest_route=%2Fwp%2Fv2%2Fcomments&post=2782"}],"version-history":[{"count":3,"href":"https:\/\/asanbau.de\/index.php?rest_route=\/wp\/v2\/pages\/2782\/revisions"}],"predecessor-version":[{"id":2785,"href":"https:\/\/asanbau.de\/index.php?rest_route=\/wp\/v2\/pages\/2782\/revisions\/2785"}],"wp:attachment":[{"href":"https:\/\/asanbau.de\/index.php?rest_route=%2Fwp%2Fv2%2Fmedia&parent=2782"}],"curies":[{"name":"wp","href":"https:\/\/api.w.org\/{rel}","templated":true}]}}